ime factors of 18509884?
2, 433, 10687
What are the prime factors of 1335817?
7, 23, 8297
List the prime factors of 760672.
2, 11, 2161
List the prime factors of 444351.
3, 73, 2029
List the prime factors of 151614.
2, 3, 8423
What are the prime factors of 6052049?
47, 128767
What are the prime factors of 12127445?
5, 11, 311, 709
What are the prime factors of 978789?
3, 7, 127, 367
List the prime factors of 6835764.
2, 3, 13, 29, 1511
List the prime factors of 113977.
293, 389
List the prime factors of 2219361.
3, 739787
List the prime factors of 404974.
2, 17, 43, 277
What are the prime factors of 3202688?
2, 131, 191
List the prime factors of 24068.
2, 11, 547
What are the prime factors of 873734?
2, 19, 22993
What are the prime factors of 21624572?
2, 293, 18451
List the prime factors of 228146.
2, 114073
List the prime factors of 359734.
2, 41, 107
What are the prime factors of 1619423?
13, 43, 2897
What are the prime factors of 337125?
3, 5, 29, 31
What are the prime factors of 279854?
2, 17, 8231
What are the prime factors of 2793779?
19, 71, 109
List the prime factors of 1246318.
2, 41, 15199
List the prime factors of 649878.
2, 3, 89, 1217
What are the prime factors of 309927?
3, 17, 59, 103
List the prime factors of 535308.
2, 3, 31, 1439
List the prime factors of 1015599.
3, 13, 26041
What are the prime factors of 968033?
11, 88003
What are the prime factors of 15281335?
5, 167, 18301
What are the prime factors of 5532889?
73, 75793
List the prime factors of 3206308.
2, 7, 307, 373
List the prime factors of 52828.
2, 47, 281
What are the prime factors of 7725981?
3, 2575327
List the prime factors of 4274298.
2, 3, 7, 33923
What are the prime factors of 2934968?
2, 19, 19309
List the prime factors of 255434.
2, 127717
What are the prime factors of 634347?
3, 7, 10069
What are the prime factors of 1156605?
3, 5, 83, 929
List the prime factors of 616690.
2, 5, 83, 743
List the prime factors of 29001753.
3, 11, 97649
List the prime factors of 487213.
487213
What are the prime factors of 571033?
491, 1163
List the prime factors of 5917667.
7, 845381
List the prime factors of 7194250.
2, 5, 7, 4111
What are the prime factors of 592869?
3, 83, 2381
What are the prime factors of 259456?
2, 2027
List the prime factors of 6998189.
11, 101, 6299
What are the prime factors of 42309?
3, 1567
List the prime factors of 32107865.
5, 6421573
List the prime factors of 1583289.
3, 19, 47, 197
List the prime factors of 3980012.
2, 23, 43261
What are the prime factors of 623250?
2, 3, 5, 277
List the prime factors of 78752.
2, 23, 107
What are the prime factors of 7246881?
3, 268403
What are the prime factors of 36578?
2, 18289
List the prime factors of 22483901.
11, 37, 55243
List the prime factors of 34874.
2, 7, 47, 53
List the prime factors of 2382674.
2, 7, 41, 593
What are the prime factors of 10669424?
2, 23, 79, 367
What are the prime factors of 13926639?
3, 19, 263, 929
What are the prime factors of 3007590?
2, 3, 5, 29, 3457
What are the prime factors of 9863168?
2, 7, 43
List the prime factors of 6790496.
2, 212203
What are the prime factors of 685983?
3, 251, 911
What are the prime factors of 418191?
3, 139397
List the prime factors of 731331.
3, 23, 3533
What are the prime factors of 4536544?
2, 141767
What are the prime factors of 2634914?
2, 47, 28031
What are the prime factors of 3751498?
2, 29, 71, 911
List the prime factors of 7849740.
2, 3, 5, 130829
List the prime factors of 833139.
3, 59, 523
What are the prime factors of 8260285?
5, 11, 101, 1487
What are the prime factors of 330862?
2, 7, 23633
What are the prime factors of 5573168?
2, 348323
What are the prime factors of 5022645?
3, 5, 334843
List the prime factors of 711706.
2, 355853
What are the prime factors of 867245?
5, 29, 5981
What are the prime factors of 1006459?
827, 1217
What are the prime factors of 46290?
2, 3, 5, 1543
List the prime factors of 44592.
2, 3, 929
List the prime factors of 623756.
2, 7, 22277
What are the prime factors of 1556567?
1556567
List the prime factors of 4429294.
2, 23, 96289
List the prime factors of 171617.
171617
What are the prime factors of 332275?
5, 13291
List the prime factors of 187013.
23, 47, 173
List the prime factors of 1433366.
2, 11, 5923
List the prime factors of 368686.
2, 83, 2221
What are the prime factors of 31852276?
2, 47, 169427
List the prime factors of 147010.
2, 5, 61, 241
What are the prime factors of 15569417?
19, 819443
What are the prime factors of 326799?
3, 11, 3301
What are the prime factors of 514116?
2, 3, 14281
List the prime factors of 6727055.
5, 373, 3607
List the prime factors of 6533893.
43, 47, 53, 61
List the prime factors of 10903676.
2, 7, 55631
What are the prime factors of 5129685?
3, 5, 11, 43, 241
List the prime factors of 738839.
738839
What are the prime factors of 71137?
11, 29, 223
What are the prime factors of 495657?
3, 55073
List the prime factors of 714999.
3, 41, 5813
List the prime factors of 196694.
2, 98347
What are the prime factors of 211842?
2, 3, 3923
List the prime factors of 136946.
2, 68473
List the prime factors of 9303464.
2, 19, 97, 631
What are the prime factors of 891958?
2, 89, 5011
What are the prime factors of 173973?
3, 57991
List the prime factors of 8535.
3, 5, 569
List the prime factors of 2700061.
7, 13, 29671
What are the prime factors of 763278?
2, 3, 23, 5531
List the prime factors of 2299621.
821, 2801
List the prime factors of 20523317.
20523317
What are the prime factors of 48929?
113, 433
List the prime factors of 18888179.
18888179
What are the prime factors of 1833129?
3, 353, 577
List the prime factors of 3306957.
3, 29, 38011
What are the prime factors of 2682027?
3, 31, 9613
List the prime factors of 2149653.
3, 11, 65141
What are the prime factors of 21011661?
3, 11, 212239
What are the prime factors of 7422418?
2, 3711209
What are the prime factors of 6545029?
67, 97687
List the prime factors of 25602.
2, 3, 17, 251
List the prime factors of 17337291.
3, 19, 304163
List the prime factors of 1725334.
2, 13, 66359
List the prime factors of 319872.
2, 3, 7, 17
What are the prime factors of 37047?
3, 53, 233
What are the prime factors of 6632684?
2, 1213, 1367
What are the prime factors of 5079712?
2, 11, 14431
List the prime factors of 216973.
216973
List the prime factors of 1019298.
2, 3, 7, 3467
List the prime factors of 237030.
2, 3, 5, 7901
List the prime factors of 5330807.
137, 167, 233
List the prime factors of 282231.
3, 10453
What are the prime factors of 189825?
3, 5, 2531
What are the prime factors of 135159?
3, 45053
List the prime factors of 80491.
80491
What are the prime factors of 189276?
2, 3, 15773
List the prime factors of 85244.
2, 101, 211
What are the prime factors of 287896?
2, 7, 53, 97
List the prime factors of 4147714.
2, 73, 28409
What are the prime factors of 3550006?
2, 29, 97, 631
List the prime factors of 33998209.
7, 23, 97, 311
List the prime factors of 33143650.
2, 5, 31, 21383
What are the prime factors of 89193?
3, 13, 2287
What are the prime factors of 1575500?
2, 5, 23, 137
List the prime factors of 144503.
83, 1741
What are the prime factors of 1685909?
163, 10343
What are the prime factors of 5778?
2, 3, 107
List the prime factors of 4424304.
2, 3, 92173
What are the prime factors of 1623230?
2, 5, 7, 23189
What are the prime factors of 96896?
2, 757
What are the prime factors of 212329?
13, 16333
List the prime factors of 424757.
424757
What are the prime factors of 343016?
2, 53, 809
List the prime factors of 8456578.
2, 13, 41, 7933
What are the prime factors of 5022297?
3, 7, 26573
List the prime factors of 3830258.
2, 421, 4549
What are the prime factors of 11967025?
5, 7, 9769
What are the prime factors of 193484?
2, 48371
List the prime factors of 2648325.
3, 5, 35311
What are the prime factors of 366521?
366521
What are the prime factors of 3225849?
3, 11, 67, 1459
What are the prime factors of 260454?
2, 3, 83, 523
What are the prime factors of 23803?
13, 1831
What are the prime factors of 192546?
2, 3, 19, 563
List the prime factors of 636292.
2, 159073
List the prime factors of 8956914.
2, 3, 1492819
What are the prime factors of 932104?
2, 37, 47, 67
List the prime factors of 113182.
2, 56591
Wh